{"id":63,"date":"2025-11-24T21:54:45","date_gmt":"2025-11-25T03:54:45","guid":{"rendered":"https:\/\/asaderolasanimas.directorio-comercial.com\/?page_id=63"},"modified":"2025-11-24T22:13:56","modified_gmt":"2025-11-25T04:13:56","slug":"fotogaleria","status":"publish","type":"page","link":"https:\/\/asaderolasanimas.directorio-comercial.com\/?page_id=63","title":{"rendered":"Fotogaleria"},"content":{"rendered":"\n<h2 class=\"wp-block-heading has-text-align-center has-base-2-color has-text-color has-background has-link-color has-x-large-font-size wp-elements-457b1d064711302ce320d027408877dc\" style=\"border-radius:29px;background-color:#785d58;margin-top:0;margin-right:0;margin-bottom:0;margin-left:0;padding-top:var(--wp--preset--spacing--10);padding-right:0;padding-bottom:var(--wp--preset--spacing--10);padding-left:0\">Con\u00f3cenos mejor <\/h2>\n\n\n\n<p class=\"gb-text\">Descubre los momentos, espacios y detalles que dan vida a nuestra esencia. Esta colecci\u00f3n de im\u00e1genes captura lo mejor de nuestro entorno, permiti\u00e9ndote explorar y disfrutar cada escena desde una perspectiva m\u00e1s cercana y aut\u00e9ntica.<\/p>\n\n\n<div id=\"metaslider-id-70\" style=\"width: 100%;\" class=\"ml-slider-3-103-0 metaslider metaslider-flex metaslider-70 ml-slider has-dots-nav ms-theme-default-base\" role=\"region\" aria-label=\"CarruselAsaderoAnimas\">\n    <div id=\"metaslider_container_70\">\n        <div id=\"metaslider_70\">\n            <ul aria-live='off' class='slides'>\n                <li style=\"display: block; width: 100%;\" class=\"slide-71 ms-image \" aria-roledescription=\"slide\" data-date=\"2025-11-24 21:46:33\" data-slide-type=\"image\"><img decoding=\"async\" src=\"https:\/\/asaderolasanimas.directorio-comercial.com\/wp-content\/uploads\/2025\/11\/6-0x0.jpg\" alt=\"\" class=\"slider-70 slide-71 msDefaultImage\" title=\"6\" \/><\/li>\n                <li style=\"display: none; width: 100%;\" class=\"slide-72 ms-image \" aria-roledescription=\"slide\" data-date=\"2025-11-24 21:46:33\" data-slide-type=\"image\"><img decoding=\"async\" src=\"https:\/\/asaderolasanimas.directorio-comercial.com\/wp-content\/uploads\/2025\/11\/1-0x0.jpg\" alt=\"\" class=\"slider-70 slide-72 msDefaultImage\" title=\"1\" \/><\/li>\n                <li style=\"display: none; width: 100%;\" class=\"slide-73 ms-image \" aria-roledescription=\"slide\" data-date=\"2025-11-24 21:46:33\" data-slide-type=\"image\"><img decoding=\"async\" src=\"https:\/\/asaderolasanimas.directorio-comercial.com\/wp-content\/uploads\/2025\/11\/2-0x0.jpg\" alt=\"\" class=\"slider-70 slide-73 msDefaultImage\" title=\"2\" \/><\/li>\n                <li style=\"display: none; width: 100%;\" class=\"slide-74 ms-image \" aria-roledescription=\"slide\" data-date=\"2025-11-24 21:46:33\" data-slide-type=\"image\"><img decoding=\"async\" src=\"https:\/\/asaderolasanimas.directorio-comercial.com\/wp-content\/uploads\/2025\/11\/3-0x0.jpg\" alt=\"\" class=\"slider-70 slide-74 msDefaultImage\" title=\"3\" \/><\/li>\n                <li style=\"display: none; width: 100%;\" class=\"slide-75 ms-image \" aria-roledescription=\"slide\" data-date=\"2025-11-24 21:46:33\" data-slide-type=\"image\"><img decoding=\"async\" src=\"https:\/\/asaderolasanimas.directorio-comercial.com\/wp-content\/uploads\/2025\/11\/4-0x0.jpg\" alt=\"\" class=\"slider-70 slide-75 msDefaultImage\" title=\"4\" \/><\/li>\n                <li style=\"display: none; width: 100%;\" class=\"slide-76 ms-image \" aria-roledescription=\"slide\" data-date=\"2025-11-24 21:46:33\" data-slide-type=\"image\"><img decoding=\"async\" src=\"https:\/\/asaderolasanimas.directorio-comercial.com\/wp-content\/uploads\/2025\/11\/5-0x0.jpg\" alt=\"\" class=\"slider-70 slide-76 msDefaultImage\" title=\"5\" \/><\/li>\n            <\/ul>\n        <\/div>\n        \n    <\/div>\n<\/div>\n","protected":false},"excerpt":{"rendered":"<p>Con\u00f3cenos mejor Descubre los momentos, espacios y detalles que dan vida a nuestra esencia. Esta colecci\u00f3n de im\u00e1genes captura lo mejor de nuestro entorno, permiti\u00e9ndote explorar y disfrutar cada escena desde una perspectiva m\u00e1s cercana y aut\u00e9ntica.<\/p>\n","protected":false},"author":1,"featured_media":0,"parent":0,"menu_order":0,"comment_status":"closed","ping_status":"closed","template":"page-no-title","meta":{"_acf_changed":false,"footnotes":""},"class_list":["post-63","page","type-page","status-publish","hentry"],"acf":[],"_links":{"self":[{"href":"https:\/\/asaderolasanimas.directorio-comercial.com\/index.php?rest_route=\/wp\/v2\/pages\/63","targetHints":{"allow":["GET"]}}],"collection":[{"href":"https:\/\/asaderolasanimas.directorio-comercial.com\/index.php?rest_route=\/wp\/v2\/pages"}],"about":[{"href":"https:\/\/asaderolasanimas.directorio-comercial.com\/index.php?rest_route=\/wp\/v2\/types\/page"}],"author":[{"embeddable":true,"href":"https:\/\/asaderolasanimas.directorio-comercial.com\/index.php?rest_route=\/wp\/v2\/users\/1"}],"replies":[{"embeddable":true,"href":"https:\/\/asaderolasanimas.directorio-comercial.com\/index.php?rest_route=%2Fwp%2Fv2%2Fcomments&post=63"}],"version-history":[{"count":3,"href":"https:\/\/asaderolasanimas.directorio-comercial.com\/index.php?rest_route=\/wp\/v2\/pages\/63\/revisions"}],"predecessor-version":[{"id":84,"href":"https:\/\/asaderolasanimas.directorio-comercial.com\/index.php?rest_route=\/wp\/v2\/pages\/63\/revisions\/84"}],"wp:attachment":[{"href":"https:\/\/asaderolasanimas.directorio-comercial.com\/index.php?rest_route=%2Fwp%2Fv2%2Fmedia&parent=63"}],"curies":[{"name":"wp","href":"https:\/\/api.w.org\/{rel}","templated":true}]}}